{"id":26130,"date":"2019-09-19T12:01:36","date_gmt":"2019-09-19T16:01:36","guid":{"rendered":"https:\/\/www.musee-mccord-stewart.ca\/collections\/team\/mathieu-lapointe\/"},"modified":"2025-12-11T16:41:04","modified_gmt":"2025-12-11T21:41:04","slug":"mathieu-lapointe","status":"publish","type":"page","link":"https:\/\/www.musee-mccord-stewart.ca\/en\/collections\/team\/mathieu-lapointe\/","title":{"rendered":"Mathieu Lapointe"},"content":{"rendered":"<h4>Curator, Textual Archives<\/h4>\n<p><strong><em>I enjoy working with archives because reading them brings one face to face with the strange world of the past\u2014its otherness. At the same time, one discovers its vibrant, eloquent humanity and finds unexpected affinities with bygone generations. <\/em><\/strong><\/p>\n<p>________<\/p>\n<p>Mathieu Lapointe joined the Museum team in 2018 as Curator, Textual Archives. He and his team strive to preserve, develop and promote this collection for the enjoyment of both researchers and the public. Building on projects carried out over the past few years, the department is trying to make the collection more accessible and promote its treasures by digitizing and transcribing archival documents and enhancing their online descriptions. The <a href=\"https:\/\/www.musee-mccord.qc.ca\/en\/collections\/textual-archives\/shared-emotions\/\"><em>Shared Emotions<\/em><\/a> project, for example, aims to explore the feelings, sensations and values conveyed in these archives and make these elements easier to locate by improving the indexing.<\/p>\n<p>A historian with additional training in information technology (M.L.I.S., Universit\u00e9 de Montr\u00e9al, 2023), Mathieu Lapointe earned a PhD in Canadian History from York University in Toronto and a master&#8217;s in History from Universit\u00e9 de Montr\u00e9al. As a specialist in Montreal history and Quebec culture and ideologies, he has taken a particular interest in the history of citizen movements, moralizing rhetoric, and public inquiries in 20<sup>th<\/sup> century Montreal. His book <em>Nettoyer Montr\u00e9al\u00a0: les campagnes de moralit\u00e9 publique, 1940-1954<\/em> (Les \u00e9ditions du Septentrion, 2014) was awarded the Prix Robert-Pr\u00e9vost from the Montreal Historical Society and the Prix de l\u2019Assembl\u00e9e nationale du Qu\u00e9bec from the Institut d\u2019histoire de l\u2019Am\u00e9rique fran\u00e7aise. His research on the history of corruption and its role in building Montreal&#8217;s reputation led him to produce an historical study for the Charbonneau Commission and collaborate with European researchers.<\/p>\n<p>He has also worked to enhance the public&#8217;s knowledge of Montreal&#8217;s history. In addition to engaging with the media, he helped organize the exhibition <em>Scandal! Vice, Crime and Morality in Montreal, 1940-1960<\/em> at the Centre d\u2019histoire de Montr\u00e9al and co-authored the exhibition catalogue, and contributed to the history documentary <em>Downtown: The Age of Lights<\/em> by filmmaker Paul Carvalho.<\/p>\n<p>Formerly the coordinator of the Institut d\u2019histoire de l\u2019Am\u00e9rique fran\u00e7aise, he has taught at Universit\u00e9 de Sherbrooke and Carrefour BLE in Montreal. He was also a postdoctoral fellow at McGill, a visiting scholar at the McGill Institute for the Study of Canada (MISC), and remains an associate member of McGill\u2019s Centre for Interdisciplinary Research on Montreal (CIRM).<\/p>\n<p><a class=\"cta\" title=\"\" href=\"https:\/\/www.musee-mccord-stewart.ca\/en\/collections\/archives\/\">More about the Archives Collection<i class=\"arrow-right-thickicon-\"><\/i><\/a><br \/>\n<a class=\"cta\" title=\"\" href=\"https:\/\/collections.musee-mccord-stewart.ca\/en\/collections\/155915\/archives\/objects\">Explore the collection online<i class=\"arrow-right-thickicon-\"><\/i><\/a><br \/>\n<a class=\"cta\" title=\"\" href=\"https:\/\/www.musee-mccord-stewart.ca\/en\/collections\/archives\/list-main-fonds-collections\/\">List of main fonds and collections<i class=\"arrow-right-thickicon-\"><\/i><\/a><\/p>\n","protected":false},"excerpt":{"rendered":"<p>Curator, Textual Archives I enjoy working with archives because reading them brings one face to face with the strange world of the past\u2014its otherness. At the same time, one discovers its vibrant, eloquent humanity and finds unexpected affinities with bygone generations. ________ Mathieu Lapointe joined the Museum team in 2018 as Curator, Textual Archives. He [&hellip;]<\/p>\n","protected":false},"author":3,"featured_media":0,"parent":21589,"menu_order":0,"comment_status":"closed","ping_status":"closed","template":"page-templates\/page-texte.php","meta":{"footnotes":""},"categories":[],"tags":[],"acf":[],"yoast_head":"<!-- This site is optimized with the Yoast SEO Premium plugin v20.11 (Yoast SEO v20.11) - https:\/\/yoast.com\/wordpress\/plugins\/seo\/ -->\n<title>Mathieu Lapointe - Curator, Archives - McCord Stewart Museum<\/title>\n<meta name=\"description\" content=\"Meet Mathieu Lapointe, Curator of the Textual Archives collection and learn more about his expertise and his work.\" \/>\n<meta name=\"robots\" content=\"index, follow, max-snippet:-1, max-image-preview:large, max-video-preview:-1\" \/>\n<link rel=\"canonical\" href=\"https:\/\/www.musee-mccord-stewart.ca\/en\/collections\/team\/mathieu-lapointe\/\" \/>\n<meta property=\"og:locale\" content=\"en_US\" \/>\n<meta property=\"og:type\" content=\"article\" \/>\n<meta property=\"og:title\" content=\"Mathieu Lapointe\" \/>\n<meta property=\"og:description\" content=\"Curator, Textual Archives I enjoy working with archives because reading them brings one face to face with the strange world of the past\u2014its otherness. At\" \/>\n<meta property=\"og:url\" content=\"https:\/\/www.musee-mccord-stewart.ca\/en\/collections\/team\/mathieu-lapointe\/\" \/>\n<meta property=\"og:site_name\" content=\"McCord Stewart Museum\" \/>\n<meta property=\"article:publisher\" content=\"https:\/\/www.facebook.com\/museemccordstewart\" \/>\n<meta property=\"article:modified_time\" content=\"2025-12-11T21:41:04+00:00\" \/>\n<meta property=\"og:image\" content=\"https:\/\/www.musee-mccord-stewart.ca\/app\/uploads\/2025\/12\/mathieulapointe_20250731_ld.jpg\" \/>\n\t<meta property=\"og:image:width\" content=\"1320\" \/>\n\t<meta property=\"og:image:height\" content=\"480\" \/>\n\t<meta property=\"og:image:type\" content=\"image\/jpeg\" \/>\n<meta name=\"twitter:card\" content=\"summary_large_image\" \/>\n<meta name=\"twitter:site\" content=\"@MuseeMcCordStew\" \/>\n<meta name=\"twitter:label1\" content=\"Est. reading time\" \/>\n\t<meta name=\"twitter:data1\" content=\"3 minutes\" \/>\n<script type=\"application\/ld+json\" class=\"yoast-schema-graph\">{\"@context\":\"https:\/\/schema.org\",\"@graph\":[{\"@type\":\"WebPage\",\"@id\":\"https:\/\/www.musee-mccord-stewart.ca\/en\/collections\/team\/mathieu-lapointe\/\",\"url\":\"https:\/\/www.musee-mccord-stewart.ca\/en\/collections\/team\/mathieu-lapointe\/\",\"name\":\"Mathieu Lapointe - Curator, Archives - McCord Stewart Museum\",\"isPartOf\":{\"@id\":\"https:\/\/www.musee-mccord-stewart.ca\/fr\/#website\"},\"datePublished\":\"2019-09-19T16:01:36+00:00\",\"dateModified\":\"2025-12-11T21:41:04+00:00\",\"description\":\"Meet Mathieu Lapointe, Curator of the Textual Archives collection and learn more about his expertise and his work.\",\"breadcrumb\":{\"@id\":\"https:\/\/www.musee-mccord-stewart.ca\/en\/collections\/team\/mathieu-lapointe\/#breadcrumb\"},\"inLanguage\":\"en-US\",\"potentialAction\":[{\"@type\":\"ReadAction\",\"target\":[\"https:\/\/www.musee-mccord-stewart.ca\/en\/collections\/team\/mathieu-lapointe\/\"]}]},{\"@type\":\"BreadcrumbList\",\"@id\":\"https:\/\/www.musee-mccord-stewart.ca\/en\/collections\/team\/mathieu-lapointe\/#breadcrumb\",\"itemListElement\":[{\"@type\":\"ListItem\",\"position\":1,\"name\":\"Accueil\",\"item\":\"https:\/\/www.musee-mccord-stewart.ca\/en\/\"},{\"@type\":\"ListItem\",\"position\":2,\"name\":\"Collections\",\"item\":\"https:\/\/www.musee-mccord-stewart.ca\/en\/collections\/\"},{\"@type\":\"ListItem\",\"position\":3,\"name\":\"Team\",\"item\":\"https:\/\/www.musee-mccord-stewart.ca\/en\/collections\/team\/\"},{\"@type\":\"ListItem\",\"position\":4,\"name\":\"Mathieu Lapointe\"}]},{\"@type\":\"WebSite\",\"@id\":\"https:\/\/www.musee-mccord-stewart.ca\/fr\/#website\",\"url\":\"https:\/\/www.musee-mccord-stewart.ca\/fr\/\",\"name\":\"McCord Stewart Museum\",\"description\":\"Our world, our stories\",\"publisher\":{\"@id\":\"https:\/\/www.musee-mccord-stewart.ca\/fr\/#organization\"},\"alternateName\":\"MCS\",\"potentialAction\":[{\"@type\":\"SearchAction\",\"target\":{\"@type\":\"EntryPoint\",\"urlTemplate\":\"https:\/\/www.musee-mccord-stewart.ca\/fr\/?s={search_term_string}\"},\"query-input\":\"required name=search_term_string\"}],\"inLanguage\":\"en-US\"},{\"@type\":\"Organization\",\"@id\":\"https:\/\/www.musee-mccord-stewart.ca\/fr\/#organization\",\"name\":\"McCord Stewart Museum\",\"alternateName\":\"MCS\",\"url\":\"https:\/\/www.musee-mccord-stewart.ca\/fr\/\",\"logo\":{\"@type\":\"ImageObject\",\"inLanguage\":\"en-US\",\"@id\":\"https:\/\/www.musee-mccord-stewart.ca\/fr\/#\/schema\/logo\/image\/\",\"url\":\"https:\/\/www.musee-mccord-stewart.ca\/app\/uploads\/2023\/05\/logo_museemccordstewart_horizontal_noir_slogan.svg\",\"contentUrl\":\"https:\/\/www.musee-mccord-stewart.ca\/app\/uploads\/2023\/05\/logo_museemccordstewart_horizontal_noir_slogan.svg\",\"width\":1,\"height\":1,\"caption\":\"McCord Stewart Museum\"},\"image\":{\"@id\":\"https:\/\/www.musee-mccord-stewart.ca\/fr\/#\/schema\/logo\/image\/\"},\"sameAs\":[\"https:\/\/www.facebook.com\/museemccordstewart\",\"https:\/\/twitter.com\/MuseeMcCordStew\",\"https:\/\/instagram.com\/museemccordstewart\",\"https:\/\/www.linkedin.com\/company\/museemccordstewart\/\",\"https:\/\/www.pinterest.com\/museemccordstewart\/\",\"https:\/\/www.youtube.com\/c\/MuseeMcCordStewartMuseum\"]}]}<\/script>\n<!-- \/ Yoast SEO Premium plugin. -->","yoast_head_json":{"title":"Mathieu Lapointe - Curator, Archives - McCord Stewart Museum","description":"Meet Mathieu Lapointe, Curator of the Textual Archives collection and learn more about his expertise and his work.","robots":{"index":"index","follow":"follow","max-snippet":"max-snippet:-1","max-image-preview":"max-image-preview:large","max-video-preview":"max-video-preview:-1"},"canonical":"https:\/\/www.musee-mccord-stewart.ca\/en\/collections\/team\/mathieu-lapointe\/","og_locale":"en_US","og_type":"article","og_title":"Mathieu Lapointe","og_description":"Curator, Textual Archives I enjoy working with archives because reading them brings one face to face with the strange world of the past\u2014its otherness. At","og_url":"https:\/\/www.musee-mccord-stewart.ca\/en\/collections\/team\/mathieu-lapointe\/","og_site_name":"McCord Stewart Museum","article_publisher":"https:\/\/www.facebook.com\/museemccordstewart","article_modified_time":"2025-12-11T21:41:04+00:00","og_image":[{"width":1320,"height":480,"url":"https:\/\/www.musee-mccord-stewart.ca\/app\/uploads\/2025\/12\/mathieulapointe_20250731_ld.jpg","type":"image\/jpeg"}],"twitter_card":"summary_large_image","twitter_site":"@MuseeMcCordStew","twitter_misc":{"Est. reading time":"3 minutes"},"schema":{"@context":"https:\/\/schema.org","@graph":[{"@type":"WebPage","@id":"https:\/\/www.musee-mccord-stewart.ca\/en\/collections\/team\/mathieu-lapointe\/","url":"https:\/\/www.musee-mccord-stewart.ca\/en\/collections\/team\/mathieu-lapointe\/","name":"Mathieu Lapointe - Curator, Archives - McCord Stewart Museum","isPartOf":{"@id":"https:\/\/www.musee-mccord-stewart.ca\/fr\/#website"},"datePublished":"2019-09-19T16:01:36+00:00","dateModified":"2025-12-11T21:41:04+00:00","description":"Meet Mathieu Lapointe, Curator of the Textual Archives collection and learn more about his expertise and his work.","breadcrumb":{"@id":"https:\/\/www.musee-mccord-stewart.ca\/en\/collections\/team\/mathieu-lapointe\/#breadcrumb"},"inLanguage":"en-US","potentialAction":[{"@type":"ReadAction","target":["https:\/\/www.musee-mccord-stewart.ca\/en\/collections\/team\/mathieu-lapointe\/"]}]},{"@type":"BreadcrumbList","@id":"https:\/\/www.musee-mccord-stewart.ca\/en\/collections\/team\/mathieu-lapointe\/#breadcrumb","itemListElement":[{"@type":"ListItem","position":1,"name":"Accueil","item":"https:\/\/www.musee-mccord-stewart.ca\/en\/"},{"@type":"ListItem","position":2,"name":"Collections","item":"https:\/\/www.musee-mccord-stewart.ca\/en\/collections\/"},{"@type":"ListItem","position":3,"name":"Team","item":"https:\/\/www.musee-mccord-stewart.ca\/en\/collections\/team\/"},{"@type":"ListItem","position":4,"name":"Mathieu Lapointe"}]},{"@type":"WebSite","@id":"https:\/\/www.musee-mccord-stewart.ca\/fr\/#website","url":"https:\/\/www.musee-mccord-stewart.ca\/fr\/","name":"McCord Stewart Museum","description":"Our world, our stories","publisher":{"@id":"https:\/\/www.musee-mccord-stewart.ca\/fr\/#organization"},"alternateName":"MCS","potentialAction":[{"@type":"SearchAction","target":{"@type":"EntryPoint","urlTemplate":"https:\/\/www.musee-mccord-stewart.ca\/fr\/?s={search_term_string}"},"query-input":"required name=search_term_string"}],"inLanguage":"en-US"},{"@type":"Organization","@id":"https:\/\/www.musee-mccord-stewart.ca\/fr\/#organization","name":"McCord Stewart Museum","alternateName":"MCS","url":"https:\/\/www.musee-mccord-stewart.ca\/fr\/","logo":{"@type":"ImageObject","inLanguage":"en-US","@id":"https:\/\/www.musee-mccord-stewart.ca\/fr\/#\/schema\/logo\/image\/","url":"https:\/\/www.musee-mccord-stewart.ca\/app\/uploads\/2023\/05\/logo_museemccordstewart_horizontal_noir_slogan.svg","contentUrl":"https:\/\/www.musee-mccord-stewart.ca\/app\/uploads\/2023\/05\/logo_museemccordstewart_horizontal_noir_slogan.svg","width":1,"height":1,"caption":"McCord Stewart Museum"},"image":{"@id":"https:\/\/www.musee-mccord-stewart.ca\/fr\/#\/schema\/logo\/image\/"},"sameAs":["https:\/\/www.facebook.com\/museemccordstewart","https:\/\/twitter.com\/MuseeMcCordStew","https:\/\/instagram.com\/museemccordstewart","https:\/\/www.linkedin.com\/company\/museemccordstewart\/","https:\/\/www.pinterest.com\/museemccordstewart\/","https:\/\/www.youtube.com\/c\/MuseeMcCordStewartMuseum"]}]}},"_links":{"self":[{"href":"https:\/\/www.musee-mccord-stewart.ca\/en\/wp-json\/wp\/v2\/pages\/26130"}],"collection":[{"href":"https:\/\/www.musee-mccord-stewart.ca\/en\/wp-json\/wp\/v2\/pages"}],"about":[{"href":"https:\/\/www.musee-mccord-stewart.ca\/en\/wp-json\/wp\/v2\/types\/page"}],"author":[{"embeddable":true,"href":"https:\/\/www.musee-mccord-stewart.ca\/en\/wp-json\/wp\/v2\/users\/3"}],"replies":[{"embeddable":true,"href":"https:\/\/www.musee-mccord-stewart.ca\/en\/wp-json\/wp\/v2\/comments?post=26130"}],"version-history":[{"count":0,"href":"https:\/\/www.musee-mccord-stewart.ca\/en\/wp-json\/wp\/v2\/pages\/26130\/revisions"}],"up":[{"embeddable":true,"href":"https:\/\/www.musee-mccord-stewart.ca\/en\/wp-json\/wp\/v2\/pages\/21589"}],"wp:attachment":[{"href":"https:\/\/www.musee-mccord-stewart.ca\/en\/wp-json\/wp\/v2\/media?parent=26130"}],"wp:term":[{"taxonomy":"category","embeddable":true,"href":"https:\/\/www.musee-mccord-stewart.ca\/en\/wp-json\/wp\/v2\/categories?post=26130"},{"taxonomy":"post_tag","embeddable":true,"href":"https:\/\/www.musee-mccord-stewart.ca\/en\/wp-json\/wp\/v2\/tags?post=26130"}],"curies":[{"name":"wp","href":"https:\/\/api.w.org\/{rel}","templated":true}]}}

<h4>Curator, Textual Archives</h4>
<p><strong><em>I enjoy working with archives because reading them brings one face to face with the strange world of the past—its otherness. At the same time, one discovers its vibrant, eloquent humanity and finds unexpected affinities with bygone generations. </em></strong></p>
<p>________</p>
<p>Mathieu Lapointe joined the Museum team in 2018 as Curator, Textual Archives. He and his team strive to preserve, develop and promote this collection for the enjoyment of both researchers and the public. Building on projects carried out over the past few years, the department is trying to make the collection more accessible and promote its treasures by digitizing and transcribing archival documents and enhancing their online descriptions. The <a href="https://www.musee-mccord.qc.ca/en/collections/textual-archives/shared-emotions/"><em>Shared Emotions</em></a> project, for example, aims to explore the feelings, sensations and values conveyed in these archives and make these elements easier to locate by improving the indexing.</p>
<p>A historian with additional training in information technology (M.L.I.S., Université de Montréal, 2023), Mathieu Lapointe earned a PhD in Canadian History from York University in Toronto and a master&#8217;s in History from Université de Montréal. As a specialist in Montreal history and Quebec culture and ideologies, he has taken a particular interest in the history of citizen movements, moralizing rhetoric, and public inquiries in 20<sup>th</sup> century Montreal. His book <em>Nettoyer Montréal : les campagnes de moralité publique, 1940-1954</em> (Les éditions du Septentrion, 2014) was awarded the Prix Robert-Prévost from the Montreal Historical Society and the Prix de l’Assemblée nationale du Québec from the Institut d’histoire de l’Amérique française. His research on the history of corruption and its role in building Montreal&#8217;s reputation led him to produce an historical study for the Charbonneau Commission and collaborate with European researchers.</p>
<p>He has also worked to enhance the public&#8217;s knowledge of Montreal&#8217;s history. In addition to engaging with the media, he helped organize the exhibition <em>Scandal! Vice, Crime and Morality in Montreal, 1940-1960</em> at the Centre d’histoire de Montréal and co-authored the exhibition catalogue, and contributed to the history documentary <em>Downtown: The Age of Lights</em> by filmmaker Paul Carvalho.</p>
<p>Formerly the coordinator of the Institut d’histoire de l’Amérique française, he has taught at Université de Sherbrooke and Carrefour BLE in Montreal. He was also a postdoctoral fellow at McGill, a visiting scholar at the McGill Institute for the Study of Canada (MISC), and remains an associate member of McGill’s Centre for Interdisciplinary Research on Montreal (CIRM).</p>
<p><a class="cta" title="" href="https://www.musee-mccord-stewart.ca/en/collections/archives/">More about the Archives Collection<i class="arrow-right-thickicon-"></i></a><br />
<a class="cta" title="" href="https://collections.musee-mccord-stewart.ca/en/collections/155915/archives/objects">Explore the collection online<i class="arrow-right-thickicon-"></i></a><br />
<a class="cta" title="" href="https://www.musee-mccord-stewart.ca/en/collections/archives/list-main-fonds-collections/">List of main fonds and collections<i class="arrow-right-thickicon-"></i></a></p>
