{"id":22545,"date":"2018-06-14T11:00:44","date_gmt":"2018-06-14T15:00:44","guid":{"rendered":"http:\/\/www.musee-mccord-stewart.ca\/discussions-shalom-montreal\/"},"modified":"2018-07-06T14:20:35","modified_gmt":"2018-07-06T18:20:35","slug":"shalom-montreal-conference-round-table-discussions","status":"publish","type":"page","link":"https:\/\/www.musee-mccord-stewart.ca\/en\/shalom-montreal-conference-round-table-discussions\/","title":{"rendered":"Shalom Montreal Discussions"},"content":{"rendered":"<p>In relation to the exhibition <em><a title=\"Shalom Montreal\" href=\"http:\/\/www.musee-mccord-stewart.ca\/en\/exhibitions\/shalom-montreal\/\">Shalom Montreal: Stories and Contributions of the Jewish Community<\/a><\/em>, several conferences and round table discussions are organized at the McCord Museum during fall 2018.<\/p>\n<h4>Complete program:<\/h4>\n<p><strong>SEPTEMBER 26 AT 6 P.M.<\/strong><br \/>\n<a title=\"Sam Borenstein and the Jewish Painters of Montreal: A Look at their Era\" href=\"http:\/\/www.musee-mccord-stewart.ca\/en\/activities\/jewish-painters-montreal\/\">Screening of the film <em>The Colours of my Father<\/em><\/a>, preceded by a discussion about Sam Borenstein and the Jewish Painters of Montreal<\/p>\n<p><strong>OCTOBER 3 AT 6 P.M.<\/strong><br \/>\n<a title=\"Round table discussion: Women from Everywhere in Pluralist Montreal\" href=\"http:\/\/www.musee-mccord-stewart.ca\/en\/activities\/round-table-pluralist-montreal\/\">Round table <em>Des femmes de partout dans un Montr\u00e9al pluriel<\/em><\/a><\/p>\n<p><strong>OCTOBER 10 AT 6 P.M.<\/strong><br \/>\nDiscussion with the winners of the 2018 Azrieli prizes<br \/>\nIn partnership with the\u00a0<em><a title=\"\" href=\"https:\/\/azrielifoundation.org\/about-us\/\" target=\"_blank\" rel=\"noopener\">Azrieli Foundation<\/a><\/em><\/p>\n<p><strong>NOVEMBER 7 AT 1:30 P.M.<\/strong><br \/>\n<a title=\"Jewish in Morocco, Sephardic in Quebec: a post-colonial story of migration\" href=\"http:\/\/www.musee-mccord-stewart.ca\/en\/activities\/belles-soirees-postcolonial-migration\/\"><em>Jewish in Morocco, Sephardic in Quebec: A Post-colonial Story of Migration<\/em><\/a>\u00a0by Yolande Cohen, UQAM professor of history<br \/>\nFee-based activity in partnership with <a title=\"Shalom Montreal\" href=\"https:\/\/bellessoirees.umontreal.ca\/\" target=\"_blank\" rel=\"noopener\">Les Belles Soir\u00e9es de l&#8217;Universit\u00e9 de Montr\u00e9al<\/a>.<\/p>\n<p>Various activities are organized in relation to the exhibition. Enjoy free\u00a0<a title=\"Shalom Montreal Concerts\" href=\"http:\/\/www.musee-mccord-stewart.ca\/en\/shalom-montreal-concerts\/\">outdoor concerts in the <em>Urban Forest<\/em>\u00a0<\/a>and discover\u00a0<a title=\"Shalom Montreal Screenings\" href=\"http:\/\/www.musee-mccord-stewart.ca\/en\/shalom-montreal-screenings\/\">screenings<\/a>\u00a0on the first Sunday of the month.<\/p>\n<p><strong>Location:<\/strong> J. Armand Bombardier Theatre at the McCord Museum<br \/>\nSpace is limited ; schedule is subject to change without notice.\u00a0Unless otherwise indicated, activities are free.<\/p>\n<p><strong>Member privilege:\u00a0<\/strong><a href=\"mailto:membership@mccord-stewart.ca\">Reserve your seat!<\/a><br \/>\nMuseum Members can make reservations for activities. They also have unlimited free access to the McCord Museum, Stewart Museum, and a host of other privileges.\u00a0<a href=\"http:\/\/www.musee-mccord-stewart.ca\/en\/become-a-member\/\">Become a Member today!<\/a><\/p>\n","protected":false},"excerpt":{"rendered":"<p>In relation to the exhibition Shalom Montreal: Stories and Contributions of the Jewish Community, several conferences and round table discussions are organized at the McCord Museum during fall 2018. Complete program: SEPTEMBER 26 AT 6 P.M. Screening of the film The Colours of my Father, preceded by a discussion about Sam Borenstein and the Jewish [&hellip;]<\/p>\n","protected":false},"author":17,"featured_media":0,"parent":0,"menu_order":0,"comment_status":"closed","ping_status":"closed","template":"page-templates\/page-texte.php","meta":{"footnotes":""},"categories":[],"tags":[],"acf":[],"yoast_head":"<!-- This site is optimized with the Yoast SEO Premium plugin v20.11 (Yoast SEO v20.11) - https:\/\/yoast.com\/wordpress\/plugins\/seo\/ -->\n<title>Shalom Montreal Discussions - McCord Museum<\/title>\n<meta name=\"description\" content=\"In rwlation to the exhibition Shalom Montreal, several conferences and round-table discussions are organized at the McCord Museum during fall 2018.\" \/>\n<meta name=\"robots\" content=\"index, follow, max-snippet:-1, max-image-preview:large, max-video-preview:-1\" \/>\n<link rel=\"canonical\" href=\"https:\/\/www.musee-mccord-stewart.ca\/en\/shalom-montreal-conference-round-table-discussions\/\" \/>\n<meta property=\"og:locale\" content=\"en_US\" \/>\n<meta property=\"og:type\" content=\"article\" \/>\n<meta property=\"og:title\" content=\"Shalom Montreal Discussions\" \/>\n<meta property=\"og:description\" content=\"In relation to the exhibition Shalom Montreal: Stories and Contributions of the Jewish Community, several conferences and round table discussions are\" \/>\n<meta property=\"og:url\" content=\"https:\/\/www.musee-mccord-stewart.ca\/en\/shalom-montreal-conference-round-table-discussions\/\" \/>\n<meta property=\"og:site_name\" content=\"McCord Stewart Museum\" \/>\n<meta property=\"article:publisher\" content=\"https:\/\/www.facebook.com\/museemccordstewart\" \/>\n<meta property=\"article:modified_time\" content=\"2018-07-06T18:20:35+00:00\" \/>\n<meta property=\"og:image\" content=\"https:\/\/www.musee-mccord-stewart.ca\/app\/uploads\/2022\/09\/mccord-stewart_facade-exterieur-henderson-2022_roger-aziz_1320x480.jpg\" \/>\n\t<meta property=\"og:image:width\" content=\"1320\" \/>\n\t<meta property=\"og:image:height\" content=\"480\" \/>\n\t<meta property=\"og:image:type\" content=\"image\/jpeg\" \/>\n<meta name=\"twitter:card\" content=\"summary_large_image\" \/>\n<meta name=\"twitter:site\" content=\"@MuseeMcCordStew\" \/>\n<meta name=\"twitter:label1\" content=\"Est. reading time\" \/>\n\t<meta name=\"twitter:data1\" content=\"1 minute\" \/>\n<script type=\"application\/ld+json\" class=\"yoast-schema-graph\">{\"@context\":\"https:\/\/schema.org\",\"@graph\":[{\"@type\":\"WebPage\",\"@id\":\"https:\/\/www.musee-mccord-stewart.ca\/en\/shalom-montreal-conference-round-table-discussions\/\",\"url\":\"https:\/\/www.musee-mccord-stewart.ca\/en\/shalom-montreal-conference-round-table-discussions\/\",\"name\":\"Shalom Montreal Discussions - McCord Museum\",\"isPartOf\":{\"@id\":\"https:\/\/www.musee-mccord-stewart.ca\/fr\/#website\"},\"datePublished\":\"2018-06-14T15:00:44+00:00\",\"dateModified\":\"2018-07-06T18:20:35+00:00\",\"description\":\"In rwlation to the exhibition Shalom Montreal, several conferences and round-table discussions are organized at the McCord Museum during fall 2018.\",\"breadcrumb\":{\"@id\":\"https:\/\/www.musee-mccord-stewart.ca\/en\/shalom-montreal-conference-round-table-discussions\/#breadcrumb\"},\"inLanguage\":\"en-US\",\"potentialAction\":[{\"@type\":\"ReadAction\",\"target\":[\"https:\/\/www.musee-mccord-stewart.ca\/en\/shalom-montreal-conference-round-table-discussions\/\"]}]},{\"@type\":\"BreadcrumbList\",\"@id\":\"https:\/\/www.musee-mccord-stewart.ca\/en\/shalom-montreal-conference-round-table-discussions\/#breadcrumb\",\"itemListElement\":[{\"@type\":\"ListItem\",\"position\":1,\"name\":\"Accueil\",\"item\":\"https:\/\/www.musee-mccord-stewart.ca\/en\/\"},{\"@type\":\"ListItem\",\"position\":2,\"name\":\"Shalom Montreal Discussions\"}]},{\"@type\":\"WebSite\",\"@id\":\"https:\/\/www.musee-mccord-stewart.ca\/fr\/#website\",\"url\":\"https:\/\/www.musee-mccord-stewart.ca\/fr\/\",\"name\":\"McCord Stewart Museum\",\"description\":\"Our world, our stories\",\"publisher\":{\"@id\":\"https:\/\/www.musee-mccord-stewart.ca\/fr\/#organization\"},\"alternateName\":\"MCS\",\"potentialAction\":[{\"@type\":\"SearchAction\",\"target\":{\"@type\":\"EntryPoint\",\"urlTemplate\":\"https:\/\/www.musee-mccord-stewart.ca\/fr\/?s={search_term_string}\"},\"query-input\":\"required name=search_term_string\"}],\"inLanguage\":\"en-US\"},{\"@type\":\"Organization\",\"@id\":\"https:\/\/www.musee-mccord-stewart.ca\/fr\/#organization\",\"name\":\"McCord Stewart Museum\",\"alternateName\":\"MCS\",\"url\":\"https:\/\/www.musee-mccord-stewart.ca\/fr\/\",\"logo\":{\"@type\":\"ImageObject\",\"inLanguage\":\"en-US\",\"@id\":\"https:\/\/www.musee-mccord-stewart.ca\/fr\/#\/schema\/logo\/image\/\",\"url\":\"https:\/\/www.musee-mccord-stewart.ca\/app\/uploads\/2023\/05\/logo_museemccordstewart_horizontal_noir_slogan.svg\",\"contentUrl\":\"https:\/\/www.musee-mccord-stewart.ca\/app\/uploads\/2023\/05\/logo_museemccordstewart_horizontal_noir_slogan.svg\",\"width\":1,\"height\":1,\"caption\":\"McCord Stewart Museum\"},\"image\":{\"@id\":\"https:\/\/www.musee-mccord-stewart.ca\/fr\/#\/schema\/logo\/image\/\"},\"sameAs\":[\"https:\/\/www.facebook.com\/museemccordstewart\",\"https:\/\/twitter.com\/MuseeMcCordStew\",\"https:\/\/instagram.com\/museemccordstewart\",\"https:\/\/www.linkedin.com\/company\/museemccordstewart\/\",\"https:\/\/www.pinterest.com\/museemccordstewart\/\",\"https:\/\/www.youtube.com\/c\/MuseeMcCordStewartMuseum\"]}]}<\/script>\n<!-- \/ Yoast SEO Premium plugin. -->","yoast_head_json":{"title":"Shalom Montreal Discussions - McCord Museum","description":"In rwlation to the exhibition Shalom Montreal, several conferences and round-table discussions are organized at the McCord Museum during fall 2018.","robots":{"index":"index","follow":"follow","max-snippet":"max-snippet:-1","max-image-preview":"max-image-preview:large","max-video-preview":"max-video-preview:-1"},"canonical":"https:\/\/www.musee-mccord-stewart.ca\/en\/shalom-montreal-conference-round-table-discussions\/","og_locale":"en_US","og_type":"article","og_title":"Shalom Montreal Discussions","og_description":"In relation to the exhibition Shalom Montreal: Stories and Contributions of the Jewish Community, several conferences and round table discussions are","og_url":"https:\/\/www.musee-mccord-stewart.ca\/en\/shalom-montreal-conference-round-table-discussions\/","og_site_name":"McCord Stewart Museum","article_publisher":"https:\/\/www.facebook.com\/museemccordstewart","article_modified_time":"2018-07-06T18:20:35+00:00","og_image":[{"width":1320,"height":480,"url":"https:\/\/www.musee-mccord-stewart.ca\/app\/uploads\/2022\/09\/mccord-stewart_facade-exterieur-henderson-2022_roger-aziz_1320x480.jpg","type":"image\/jpeg"}],"twitter_card":"summary_large_image","twitter_site":"@MuseeMcCordStew","twitter_misc":{"Est. reading time":"1 minute"},"schema":{"@context":"https:\/\/schema.org","@graph":[{"@type":"WebPage","@id":"https:\/\/www.musee-mccord-stewart.ca\/en\/shalom-montreal-conference-round-table-discussions\/","url":"https:\/\/www.musee-mccord-stewart.ca\/en\/shalom-montreal-conference-round-table-discussions\/","name":"Shalom Montreal Discussions - McCord Museum","isPartOf":{"@id":"https:\/\/www.musee-mccord-stewart.ca\/fr\/#website"},"datePublished":"2018-06-14T15:00:44+00:00","dateModified":"2018-07-06T18:20:35+00:00","description":"In rwlation to the exhibition Shalom Montreal, several conferences and round-table discussions are organized at the McCord Museum during fall 2018.","breadcrumb":{"@id":"https:\/\/www.musee-mccord-stewart.ca\/en\/shalom-montreal-conference-round-table-discussions\/#breadcrumb"},"inLanguage":"en-US","potentialAction":[{"@type":"ReadAction","target":["https:\/\/www.musee-mccord-stewart.ca\/en\/shalom-montreal-conference-round-table-discussions\/"]}]},{"@type":"BreadcrumbList","@id":"https:\/\/www.musee-mccord-stewart.ca\/en\/shalom-montreal-conference-round-table-discussions\/#breadcrumb","itemListElement":[{"@type":"ListItem","position":1,"name":"Accueil","item":"https:\/\/www.musee-mccord-stewart.ca\/en\/"},{"@type":"ListItem","position":2,"name":"Shalom Montreal Discussions"}]},{"@type":"WebSite","@id":"https:\/\/www.musee-mccord-stewart.ca\/fr\/#website","url":"https:\/\/www.musee-mccord-stewart.ca\/fr\/","name":"McCord Stewart Museum","description":"Our world, our stories","publisher":{"@id":"https:\/\/www.musee-mccord-stewart.ca\/fr\/#organization"},"alternateName":"MCS","potentialAction":[{"@type":"SearchAction","target":{"@type":"EntryPoint","urlTemplate":"https:\/\/www.musee-mccord-stewart.ca\/fr\/?s={search_term_string}"},"query-input":"required name=search_term_string"}],"inLanguage":"en-US"},{"@type":"Organization","@id":"https:\/\/www.musee-mccord-stewart.ca\/fr\/#organization","name":"McCord Stewart Museum","alternateName":"MCS","url":"https:\/\/www.musee-mccord-stewart.ca\/fr\/","logo":{"@type":"ImageObject","inLanguage":"en-US","@id":"https:\/\/www.musee-mccord-stewart.ca\/fr\/#\/schema\/logo\/image\/","url":"https:\/\/www.musee-mccord-stewart.ca\/app\/uploads\/2023\/05\/logo_museemccordstewart_horizontal_noir_slogan.svg","contentUrl":"https:\/\/www.musee-mccord-stewart.ca\/app\/uploads\/2023\/05\/logo_museemccordstewart_horizontal_noir_slogan.svg","width":1,"height":1,"caption":"McCord Stewart Museum"},"image":{"@id":"https:\/\/www.musee-mccord-stewart.ca\/fr\/#\/schema\/logo\/image\/"},"sameAs":["https:\/\/www.facebook.com\/museemccordstewart","https:\/\/twitter.com\/MuseeMcCordStew","https:\/\/instagram.com\/museemccordstewart","https:\/\/www.linkedin.com\/company\/museemccordstewart\/","https:\/\/www.pinterest.com\/museemccordstewart\/","https:\/\/www.youtube.com\/c\/MuseeMcCordStewartMuseum"]}]}},"_links":{"self":[{"href":"https:\/\/www.musee-mccord-stewart.ca\/en\/wp-json\/wp\/v2\/pages\/22545"}],"collection":[{"href":"https:\/\/www.musee-mccord-stewart.ca\/en\/wp-json\/wp\/v2\/pages"}],"about":[{"href":"https:\/\/www.musee-mccord-stewart.ca\/en\/wp-json\/wp\/v2\/types\/page"}],"author":[{"embeddable":true,"href":"https:\/\/www.musee-mccord-stewart.ca\/en\/wp-json\/wp\/v2\/users\/17"}],"replies":[{"embeddable":true,"href":"https:\/\/www.musee-mccord-stewart.ca\/en\/wp-json\/wp\/v2\/comments?post=22545"}],"version-history":[{"count":0,"href":"https:\/\/www.musee-mccord-stewart.ca\/en\/wp-json\/wp\/v2\/pages\/22545\/revisions"}],"wp:attachment":[{"href":"https:\/\/www.musee-mccord-stewart.ca\/en\/wp-json\/wp\/v2\/media?parent=22545"}],"wp:term":[{"taxonomy":"category","embeddable":true,"href":"https:\/\/www.musee-mccord-stewart.ca\/en\/wp-json\/wp\/v2\/categories?post=22545"},{"taxonomy":"post_tag","embeddable":true,"href":"https:\/\/www.musee-mccord-stewart.ca\/en\/wp-json\/wp\/v2\/tags?post=22545"}],"curies":[{"name":"wp","href":"https:\/\/api.w.org\/{rel}","templated":true}]}}

<p>In relation to the exhibition <em><a title="Shalom Montreal" href="http://www.musee-mccord-stewart.ca/en/exhibitions/shalom-montreal/">Shalom Montreal: Stories and Contributions of the Jewish Community</a></em>, several conferences and round table discussions are organized at the McCord Museum during fall 2018.</p>
<h4>Complete program:</h4>
<p><strong>SEPTEMBER 26 AT 6 P.M.</strong><br />
<a title="Sam Borenstein and the Jewish Painters of Montreal: A Look at their Era" href="http://www.musee-mccord-stewart.ca/en/activities/jewish-painters-montreal/">Screening of the film <em>The Colours of my Father</em></a>, preceded by a discussion about Sam Borenstein and the Jewish Painters of Montreal</p>
<p><strong>OCTOBER 3 AT 6 P.M.</strong><br />
<a title="Round table discussion: Women from Everywhere in Pluralist Montreal" href="http://www.musee-mccord-stewart.ca/en/activities/round-table-pluralist-montreal/">Round table <em>Des femmes de partout dans un Montréal pluriel</em></a></p>
<p><strong>OCTOBER 10 AT 6 P.M.</strong><br />
Discussion with the winners of the 2018 Azrieli prizes<br />
In partnership with the <em><a title="" href="https://azrielifoundation.org/about-us/" target="_blank" rel="noopener">Azrieli Foundation</a></em></p>
<p><strong>NOVEMBER 7 AT 1:30 P.M.</strong><br />
<a title="Jewish in Morocco, Sephardic in Quebec: a post-colonial story of migration" href="http://www.musee-mccord-stewart.ca/en/activities/belles-soirees-postcolonial-migration/"><em>Jewish in Morocco, Sephardic in Quebec: A Post-colonial Story of Migration</em></a> by Yolande Cohen, UQAM professor of history<br />
Fee-based activity in partnership with <a title="Shalom Montreal" href="https://bellessoirees.umontreal.ca/" target="_blank" rel="noopener">Les Belles Soirées de l&#8217;Université de Montréal</a>.</p>
<p>Various activities are organized in relation to the exhibition. Enjoy free <a title="Shalom Montreal Concerts" href="http://www.musee-mccord-stewart.ca/en/shalom-montreal-concerts/">outdoor concerts in the <em>Urban Forest</em> </a>and discover <a title="Shalom Montreal Screenings" href="http://www.musee-mccord-stewart.ca/en/shalom-montreal-screenings/">screenings</a> on the first Sunday of the month.</p>
<p><strong>Location:</strong> J. Armand Bombardier Theatre at the McCord Museum<br />
Space is limited ; schedule is subject to change without notice. Unless otherwise indicated, activities are free.</p>
<p><strong>Member privilege: </strong><a href="mailto:membership@mccord-stewart.ca">Reserve your seat!</a><br />
Museum Members can make reservations for activities. They also have unlimited free access to the McCord Museum, Stewart Museum, and a host of other privileges. <a href="http://www.musee-mccord-stewart.ca/en/become-a-member/">Become a Member today!</a></p>
