{"id":21606,"date":"2018-01-29T09:28:40","date_gmt":"2018-01-29T14:28:40","guid":{"rendered":"http:\/\/www.musee-mccord-stewart.ca\/?page_id=21606\/"},"modified":"2022-08-15T15:41:40","modified_gmt":"2022-08-15T19:41:40","slug":"helene-samson","status":"publish","type":"page","link":"https:\/\/www.musee-mccord-stewart.ca\/en\/collections\/team\/helene-samson\/","title":{"rendered":"H\u00e9l\u00e8ne Samson"},"content":{"rendered":"<h4>Associate Curator, Photography<\/h4>\n<p><strong><em>I was in my twenties when I fell in love with a book of Edward Steichen photographs. I had been more interested in drawing, but these photographs really affected me and made me want to work in the medium myself. Strangely, I was certain this passion for photography would last the rest of my life.<\/em><\/strong><\/p>\n<p>________<\/p>\n<p>H\u00e9l\u00e8ne Samson joined the McCord Museum team in 2006. She is responsible for developing and disseminating the Photography collection, which contains over 2.1 million images, including the Notman Photographic Archives. These photographs document 19<sup>th<\/sup> and 20<sup>th<\/sup> century society in Canada, primarily in Montreal.<\/p>\n<p>Upon her arrival at the Museum, she organized the symposium <em>Images of Society: Variable Trajectories<\/em> (September 2007), the first time that the McCord Museum had joined forces with academia to examine the field of photography. Since then, she has curated the Museum&#8217;s numerous photography exhibitions, notably the annual outdoor exhibitions on McGill College Avenue that showcase various facets of the collection.<\/p>\n<p>In 2017, she received an award of excellence from the Soci\u00e9t\u00e9 des mus\u00e9es du Qu\u00e9bec (SMQ) for the exhibition <a href=\"http:\/\/www.musee-mccord-stewart.ca\/en\/exhibitions\/notman\/\"><em>Notman, A Visionary Photographer<\/em><\/a>, along with the Award of Outstanding Achievement in Research \u2013 Cultural Heritage from the Canadian Museums Association (CMA) for the accompanying exhibition catalogue published under her direction.<\/p>\n<p>H\u00e9l\u00e8ne Samson earned a PhD in art history from Universit\u00e9 de Montr\u00e9al, receiving a doctoral fellowship from the Social Sciences and Humanities Research Council of Canada (SSHRC). Her dissertation examined the influence of identity photography on portraiture from the 1980s to 2000s. She also graduated from the University of Ottawa Department of Visual Arts with a specialization in photography.<\/p>\n<p>At the same time, she did graduate studies in experimental psychology at the University of Ottawa and the University of Nice. After living in France for several years, she made a major shift and reoriented her work towards art history and photography. Her current interest in portrait photography as a means of expressing narrative identity is inspired by her background in both psychology and photography, and the McCord Museum&#8217;s photography collection offers an exceptional research opportunity.<\/p>\n<p><strong><a href=\"http:\/\/www.musee-mccord-stewart.ca\/en\/collections\/photography\/\"> &#8211; MORE ABOUT THE PHOTOGRAPHY COLLECTION<\/a><\/strong><br \/>\n<strong><a href=\"http:\/\/www.musee-mccord-stewart.ca\/scripts\/search_results.php?Lang=1&amp;keywords=departmentID:00016\">&#8211; VIEW OBJECTS ONLINE<\/a><\/strong><\/p>\n","protected":false},"excerpt":{"rendered":"<p>Associate Curator, Photography I was in my twenties when I fell in love with a book of Edward Steichen photographs. I had been more interested in drawing, but these photographs really affected me and made me want to work in the medium myself. Strangely, I was certain this passion for photography would last the rest [&hellip;]<\/p>\n","protected":false},"author":3,"featured_media":0,"parent":21589,"menu_order":0,"comment_status":"closed","ping_status":"closed","template":"page-templates\/page-texte.php","meta":{"footnotes":""},"categories":[],"tags":[],"acf":[],"yoast_head":"<!-- This site is optimized with the Yoast SEO Premium plugin v20.11 (Yoast SEO v20.11) - https:\/\/yoast.com\/wordpress\/plugins\/seo\/ -->\n<title>H\u00e9l\u00e8ne Samson - Curator, Photography - McCord Museum<\/title>\n<meta name=\"description\" content=\"Meet H\u00e9l\u00e8ne Samson, Curator, Photography.\" \/>\n<meta name=\"robots\" content=\"index, follow, max-snippet:-1, max-image-preview:large, max-video-preview:-1\" \/>\n<link rel=\"canonical\" href=\"https:\/\/www.musee-mccord-stewart.ca\/en\/collections\/team\/helene-samson\/\" \/>\n<meta property=\"og:locale\" content=\"en_US\" \/>\n<meta property=\"og:type\" content=\"article\" \/>\n<meta property=\"og:title\" content=\"H\u00e9l\u00e8ne Samson\" \/>\n<meta property=\"og:description\" content=\"Associate Curator, Photography I was in my twenties when I fell in love with a book of Edward Steichen photographs. I had been more interested in drawing,\" \/>\n<meta property=\"og:url\" content=\"https:\/\/www.musee-mccord-stewart.ca\/en\/collections\/team\/helene-samson\/\" \/>\n<meta property=\"og:site_name\" content=\"McCord Stewart Museum\" \/>\n<meta property=\"article:publisher\" content=\"https:\/\/www.facebook.com\/museemccordstewart\" \/>\n<meta property=\"article:modified_time\" content=\"2022-08-15T19:41:40+00:00\" \/>\n<meta property=\"og:image\" content=\"https:\/\/www.musee-mccord-stewart.ca\/app\/uploads\/2022\/09\/mccord-stewart_facade-exterieur-henderson-2022_roger-aziz_1320x480.jpg\" \/>\n\t<meta property=\"og:image:width\" content=\"1320\" \/>\n\t<meta property=\"og:image:height\" content=\"480\" \/>\n\t<meta property=\"og:image:type\" content=\"image\/jpeg\" \/>\n<meta name=\"twitter:card\" content=\"summary_large_image\" \/>\n<meta name=\"twitter:site\" content=\"@MuseeMcCordStew\" \/>\n<meta name=\"twitter:label1\" content=\"Est. reading time\" \/>\n\t<meta name=\"twitter:data1\" content=\"2 minutes\" \/>\n<script type=\"application\/ld+json\" class=\"yoast-schema-graph\">{\"@context\":\"https:\/\/schema.org\",\"@graph\":[{\"@type\":\"WebPage\",\"@id\":\"https:\/\/www.musee-mccord-stewart.ca\/en\/collections\/team\/helene-samson\/\",\"url\":\"https:\/\/www.musee-mccord-stewart.ca\/en\/collections\/team\/helene-samson\/\",\"name\":\"H\u00e9l\u00e8ne Samson - Curator, Photography - McCord Museum\",\"isPartOf\":{\"@id\":\"https:\/\/www.musee-mccord-stewart.ca\/fr\/#website\"},\"datePublished\":\"2018-01-29T14:28:40+00:00\",\"dateModified\":\"2022-08-15T19:41:40+00:00\",\"description\":\"Meet H\u00e9l\u00e8ne Samson, Curator, Photography.\",\"breadcrumb\":{\"@id\":\"https:\/\/www.musee-mccord-stewart.ca\/en\/collections\/team\/helene-samson\/#breadcrumb\"},\"inLanguage\":\"en-US\",\"potentialAction\":[{\"@type\":\"ReadAction\",\"target\":[\"https:\/\/www.musee-mccord-stewart.ca\/en\/collections\/team\/helene-samson\/\"]}]},{\"@type\":\"BreadcrumbList\",\"@id\":\"https:\/\/www.musee-mccord-stewart.ca\/en\/collections\/team\/helene-samson\/#breadcrumb\",\"itemListElement\":[{\"@type\":\"ListItem\",\"position\":1,\"name\":\"Accueil\",\"item\":\"https:\/\/www.musee-mccord-stewart.ca\/en\/\"},{\"@type\":\"ListItem\",\"position\":2,\"name\":\"Collections\",\"item\":\"https:\/\/www.musee-mccord-stewart.ca\/en\/collections\/\"},{\"@type\":\"ListItem\",\"position\":3,\"name\":\"Team\",\"item\":\"https:\/\/www.musee-mccord-stewart.ca\/en\/collections\/team\/\"},{\"@type\":\"ListItem\",\"position\":4,\"name\":\"H\u00e9l\u00e8ne Samson\"}]},{\"@type\":\"WebSite\",\"@id\":\"https:\/\/www.musee-mccord-stewart.ca\/fr\/#website\",\"url\":\"https:\/\/www.musee-mccord-stewart.ca\/fr\/\",\"name\":\"McCord Stewart Museum\",\"description\":\"Our world, our stories\",\"publisher\":{\"@id\":\"https:\/\/www.musee-mccord-stewart.ca\/fr\/#organization\"},\"alternateName\":\"MCS\",\"potentialAction\":[{\"@type\":\"SearchAction\",\"target\":{\"@type\":\"EntryPoint\",\"urlTemplate\":\"https:\/\/www.musee-mccord-stewart.ca\/fr\/?s={search_term_string}\"},\"query-input\":\"required name=search_term_string\"}],\"inLanguage\":\"en-US\"},{\"@type\":\"Organization\",\"@id\":\"https:\/\/www.musee-mccord-stewart.ca\/fr\/#organization\",\"name\":\"McCord Stewart Museum\",\"alternateName\":\"MCS\",\"url\":\"https:\/\/www.musee-mccord-stewart.ca\/fr\/\",\"logo\":{\"@type\":\"ImageObject\",\"inLanguage\":\"en-US\",\"@id\":\"https:\/\/www.musee-mccord-stewart.ca\/fr\/#\/schema\/logo\/image\/\",\"url\":\"https:\/\/www.musee-mccord-stewart.ca\/app\/uploads\/2023\/05\/logo_museemccordstewart_horizontal_noir_slogan.svg\",\"contentUrl\":\"https:\/\/www.musee-mccord-stewart.ca\/app\/uploads\/2023\/05\/logo_museemccordstewart_horizontal_noir_slogan.svg\",\"width\":1,\"height\":1,\"caption\":\"McCord Stewart Museum\"},\"image\":{\"@id\":\"https:\/\/www.musee-mccord-stewart.ca\/fr\/#\/schema\/logo\/image\/\"},\"sameAs\":[\"https:\/\/www.facebook.com\/museemccordstewart\",\"https:\/\/twitter.com\/MuseeMcCordStew\",\"https:\/\/instagram.com\/museemccordstewart\",\"https:\/\/www.linkedin.com\/company\/museemccordstewart\/\",\"https:\/\/www.pinterest.com\/museemccordstewart\/\",\"https:\/\/www.youtube.com\/c\/MuseeMcCordStewartMuseum\"]}]}<\/script>\n<!-- \/ Yoast SEO Premium plugin. -->","yoast_head_json":{"title":"H\u00e9l\u00e8ne Samson - Curator, Photography - McCord Museum","description":"Meet H\u00e9l\u00e8ne Samson, Curator, Photography.","robots":{"index":"index","follow":"follow","max-snippet":"max-snippet:-1","max-image-preview":"max-image-preview:large","max-video-preview":"max-video-preview:-1"},"canonical":"https:\/\/www.musee-mccord-stewart.ca\/en\/collections\/team\/helene-samson\/","og_locale":"en_US","og_type":"article","og_title":"H\u00e9l\u00e8ne Samson","og_description":"Associate Curator, Photography I was in my twenties when I fell in love with a book of Edward Steichen photographs. I had been more interested in drawing,","og_url":"https:\/\/www.musee-mccord-stewart.ca\/en\/collections\/team\/helene-samson\/","og_site_name":"McCord Stewart Museum","article_publisher":"https:\/\/www.facebook.com\/museemccordstewart","article_modified_time":"2022-08-15T19:41:40+00:00","og_image":[{"width":1320,"height":480,"url":"https:\/\/www.musee-mccord-stewart.ca\/app\/uploads\/2022\/09\/mccord-stewart_facade-exterieur-henderson-2022_roger-aziz_1320x480.jpg","type":"image\/jpeg"}],"twitter_card":"summary_large_image","twitter_site":"@MuseeMcCordStew","twitter_misc":{"Est. reading time":"2 minutes"},"schema":{"@context":"https:\/\/schema.org","@graph":[{"@type":"WebPage","@id":"https:\/\/www.musee-mccord-stewart.ca\/en\/collections\/team\/helene-samson\/","url":"https:\/\/www.musee-mccord-stewart.ca\/en\/collections\/team\/helene-samson\/","name":"H\u00e9l\u00e8ne Samson - Curator, Photography - McCord Museum","isPartOf":{"@id":"https:\/\/www.musee-mccord-stewart.ca\/fr\/#website"},"datePublished":"2018-01-29T14:28:40+00:00","dateModified":"2022-08-15T19:41:40+00:00","description":"Meet H\u00e9l\u00e8ne Samson, Curator, Photography.","breadcrumb":{"@id":"https:\/\/www.musee-mccord-stewart.ca\/en\/collections\/team\/helene-samson\/#breadcrumb"},"inLanguage":"en-US","potentialAction":[{"@type":"ReadAction","target":["https:\/\/www.musee-mccord-stewart.ca\/en\/collections\/team\/helene-samson\/"]}]},{"@type":"BreadcrumbList","@id":"https:\/\/www.musee-mccord-stewart.ca\/en\/collections\/team\/helene-samson\/#breadcrumb","itemListElement":[{"@type":"ListItem","position":1,"name":"Accueil","item":"https:\/\/www.musee-mccord-stewart.ca\/en\/"},{"@type":"ListItem","position":2,"name":"Collections","item":"https:\/\/www.musee-mccord-stewart.ca\/en\/collections\/"},{"@type":"ListItem","position":3,"name":"Team","item":"https:\/\/www.musee-mccord-stewart.ca\/en\/collections\/team\/"},{"@type":"ListItem","position":4,"name":"H\u00e9l\u00e8ne Samson"}]},{"@type":"WebSite","@id":"https:\/\/www.musee-mccord-stewart.ca\/fr\/#website","url":"https:\/\/www.musee-mccord-stewart.ca\/fr\/","name":"McCord Stewart Museum","description":"Our world, our stories","publisher":{"@id":"https:\/\/www.musee-mccord-stewart.ca\/fr\/#organization"},"alternateName":"MCS","potentialAction":[{"@type":"SearchAction","target":{"@type":"EntryPoint","urlTemplate":"https:\/\/www.musee-mccord-stewart.ca\/fr\/?s={search_term_string}"},"query-input":"required name=search_term_string"}],"inLanguage":"en-US"},{"@type":"Organization","@id":"https:\/\/www.musee-mccord-stewart.ca\/fr\/#organization","name":"McCord Stewart Museum","alternateName":"MCS","url":"https:\/\/www.musee-mccord-stewart.ca\/fr\/","logo":{"@type":"ImageObject","inLanguage":"en-US","@id":"https:\/\/www.musee-mccord-stewart.ca\/fr\/#\/schema\/logo\/image\/","url":"https:\/\/www.musee-mccord-stewart.ca\/app\/uploads\/2023\/05\/logo_museemccordstewart_horizontal_noir_slogan.svg","contentUrl":"https:\/\/www.musee-mccord-stewart.ca\/app\/uploads\/2023\/05\/logo_museemccordstewart_horizontal_noir_slogan.svg","width":1,"height":1,"caption":"McCord Stewart Museum"},"image":{"@id":"https:\/\/www.musee-mccord-stewart.ca\/fr\/#\/schema\/logo\/image\/"},"sameAs":["https:\/\/www.facebook.com\/museemccordstewart","https:\/\/twitter.com\/MuseeMcCordStew","https:\/\/instagram.com\/museemccordstewart","https:\/\/www.linkedin.com\/company\/museemccordstewart\/","https:\/\/www.pinterest.com\/museemccordstewart\/","https:\/\/www.youtube.com\/c\/MuseeMcCordStewartMuseum"]}]}},"_links":{"self":[{"href":"https:\/\/www.musee-mccord-stewart.ca\/en\/wp-json\/wp\/v2\/pages\/21606"}],"collection":[{"href":"https:\/\/www.musee-mccord-stewart.ca\/en\/wp-json\/wp\/v2\/pages"}],"about":[{"href":"https:\/\/www.musee-mccord-stewart.ca\/en\/wp-json\/wp\/v2\/types\/page"}],"author":[{"embeddable":true,"href":"https:\/\/www.musee-mccord-stewart.ca\/en\/wp-json\/wp\/v2\/users\/3"}],"replies":[{"embeddable":true,"href":"https:\/\/www.musee-mccord-stewart.ca\/en\/wp-json\/wp\/v2\/comments?post=21606"}],"version-history":[{"count":0,"href":"https:\/\/www.musee-mccord-stewart.ca\/en\/wp-json\/wp\/v2\/pages\/21606\/revisions"}],"up":[{"embeddable":true,"href":"https:\/\/www.musee-mccord-stewart.ca\/en\/wp-json\/wp\/v2\/pages\/21589"}],"wp:attachment":[{"href":"https:\/\/www.musee-mccord-stewart.ca\/en\/wp-json\/wp\/v2\/media?parent=21606"}],"wp:term":[{"taxonomy":"category","embeddable":true,"href":"https:\/\/www.musee-mccord-stewart.ca\/en\/wp-json\/wp\/v2\/categories?post=21606"},{"taxonomy":"post_tag","embeddable":true,"href":"https:\/\/www.musee-mccord-stewart.ca\/en\/wp-json\/wp\/v2\/tags?post=21606"}],"curies":[{"name":"wp","href":"https:\/\/api.w.org\/{rel}","templated":true}]}}

Hélène Samson

<h4>Associate Curator, Photography</h4>
<p><strong><em>I was in my twenties when I fell in love with a book of Edward Steichen photographs. I had been more interested in drawing, but these photographs really affected me and made me want to work in the medium myself. Strangely, I was certain this passion for photography would last the rest of my life.</em></strong></p>
<p>________</p>
<p>Hélène Samson joined the McCord Museum team in 2006. She is responsible for developing and disseminating the Photography collection, which contains over 2.1 million images, including the Notman Photographic Archives. These photographs document 19<sup>th</sup> and 20<sup>th</sup> century society in Canada, primarily in Montreal.</p>
<p>Upon her arrival at the Museum, she organized the symposium <em>Images of Society: Variable Trajectories</em> (September 2007), the first time that the McCord Museum had joined forces with academia to examine the field of photography. Since then, she has curated the Museum&#8217;s numerous photography exhibitions, notably the annual outdoor exhibitions on McGill College Avenue that showcase various facets of the collection.</p>
<p>In 2017, she received an award of excellence from the Société des musées du Québec (SMQ) for the exhibition <a href="http://www.musee-mccord-stewart.ca/en/exhibitions/notman/"><em>Notman, A Visionary Photographer</em></a>, along with the Award of Outstanding Achievement in Research – Cultural Heritage from the Canadian Museums Association (CMA) for the accompanying exhibition catalogue published under her direction.</p>
<p>Hélène Samson earned a PhD in art history from Université de Montréal, receiving a doctoral fellowship from the Social Sciences and Humanities Research Council of Canada (SSHRC). Her dissertation examined the influence of identity photography on portraiture from the 1980s to 2000s. She also graduated from the University of Ottawa Department of Visual Arts with a specialization in photography.</p>
<p>At the same time, she did graduate studies in experimental psychology at the University of Ottawa and the University of Nice. After living in France for several years, she made a major shift and reoriented her work towards art history and photography. Her current interest in portrait photography as a means of expressing narrative identity is inspired by her background in both psychology and photography, and the McCord Museum&#8217;s photography collection offers an exceptional research opportunity.</p>
<p><strong><a href="http://www.musee-mccord-stewart.ca/en/collections/photography/"> &#8211; MORE ABOUT THE PHOTOGRAPHY COLLECTION</a></strong><br />
<strong><a href="http://www.musee-mccord-stewart.ca/scripts/search_results.php?Lang=1&amp;keywords=departmentID:00016">&#8211; VIEW OBJECTS ONLINE</a></strong></p>

<!-- This site is optimized with the Yoast SEO Premium plugin v20.11 (Yoast SEO v20.11) - https://yoast.com/wordpress/plugins/seo/ -->
<title>Hélène Samson - Curator, Photography - McCord Museum</title>
<meta name="description" content="Meet Hélène Samson, Curator, Photography." />
<meta name="robots" content="index, follow, max-snippet:-1, max-image-preview:large, max-video-preview:-1" />
<link rel="canonical" href="https://www.musee-mccord-stewart.ca/en/collections/team/helene-samson/" />
<meta property="og:locale" content="en_US" />
<meta property="og:type" content="article" />
<meta property="og:title" content="Hélène Samson" />
<meta property="og:description" content="Associate Curator, Photography I was in my twenties when I fell in love with a book of Edward Steichen photographs. I had been more interested in drawing," />
<meta property="og:url" content="https://www.musee-mccord-stewart.ca/en/collections/team/helene-samson/" />
<meta property="og:site_name" content="McCord Stewart Museum" />
<meta property="article:publisher" content="https://www.facebook.com/museemccordstewart" />
<meta property="article:modified_time" content="2022-08-15T19:41:40+00:00" />
<meta property="og:image" content="https://www.musee-mccord-stewart.ca/app/uploads/2022/09/mccord-stewart_facade-exterieur-henderson-2022_roger-aziz_1320x480.jpg" />
	<meta property="og:image:width" content="1320" />
	<meta property="og:image:height" content="480" />
	<meta property="og:image:type" content="image/jpeg" />
<meta name="twitter:card" content="summary_large_image" />
<meta name="twitter:site" content="@MuseeMcCordStew" />
<meta name="twitter:label1" content="Est. reading time" />
	<meta name="twitter:data1" content="2 minutes" />
<script type="application/ld+json" class="yoast-schema-graph">{"@context":"https://schema.org","@graph":[{"@type":"WebPage","@id":"https://www.musee-mccord-stewart.ca/en/collections/team/helene-samson/","url":"https://www.musee-mccord-stewart.ca/en/collections/team/helene-samson/","name":"Hélène Samson - Curator, Photography - McCord Museum","isPartOf":{"@id":"https://www.musee-mccord-stewart.ca/fr/#website"},"datePublished":"2018-01-29T14:28:40+00:00","dateModified":"2022-08-15T19:41:40+00:00","description":"Meet Hélène Samson, Curator, Photography.","breadcrumb":{"@id":"https://www.musee-mccord-stewart.ca/en/collections/team/helene-samson/#breadcrumb"},"inLanguage":"en-US","potentialAction":[{"@type":"ReadAction","target":["https://www.musee-mccord-stewart.ca/en/collections/team/helene-samson/"]}]},{"@type":"BreadcrumbList","@id":"https://www.musee-mccord-stewart.ca/en/collections/team/helene-samson/#breadcrumb","itemListElement":[{"@type":"ListItem","position":1,"name":"Accueil","item":"https://www.musee-mccord-stewart.ca/en/"},{"@type":"ListItem","position":2,"name":"Collections","item":"https://www.musee-mccord-stewart.ca/en/collections/"},{"@type":"ListItem","position":3,"name":"Team","item":"https://www.musee-mccord-stewart.ca/en/collections/team/"},{"@type":"ListItem","position":4,"name":"Hélène Samson"}]},{"@type":"WebSite","@id":"https://www.musee-mccord-stewart.ca/fr/#website","url":"https://www.musee-mccord-stewart.ca/fr/","name":"McCord Stewart Museum","description":"Our world, our stories","publisher":{"@id":"https://www.musee-mccord-stewart.ca/fr/#organization"},"alternateName":"MCS","potentialAction":[{"@type":"SearchAction","target":{"@type":"EntryPoint","urlTemplate":"https://www.musee-mccord-stewart.ca/fr/?s={search_term_string}"},"query-input":"required name=search_term_string"}],"inLanguage":"en-US"},{"@type":"Organization","@id":"https://www.musee-mccord-stewart.ca/fr/#organization","name":"McCord Stewart Museum","alternateName":"MCS","url":"https://www.musee-mccord-stewart.ca/fr/","logo":{"@type":"ImageObject","inLanguage":"en-US","@id":"https://www.musee-mccord-stewart.ca/fr/#/schema/logo/image/","url":"https://www.musee-mccord-stewart.ca/app/uploads/2023/05/logo_museemccordstewart_horizontal_noir_slogan.svg","contentUrl":"https://www.musee-mccord-stewart.ca/app/uploads/2023/05/logo_museemccordstewart_horizontal_noir_slogan.svg","width":1,"height":1,"caption":"McCord Stewart Museum"},"image":{"@id":"https://www.musee-mccord-stewart.ca/fr/#/schema/logo/image/"},"sameAs":["https://www.facebook.com/museemccordstewart","https://twitter.com/MuseeMcCordStew","https://instagram.com/museemccordstewart","https://www.linkedin.com/company/museemccordstewart/","https://www.pinterest.com/museemccordstewart/","https://www.youtube.com/c/MuseeMcCordStewartMuseum"]}]}</script>
<!-- / Yoast SEO Premium plugin. -->

Hélène Samson - Curator, Photography - McCord Museum

Meet Hélène Samson, Curator, Photography.
